?
596
What is the highest common divisor of 352 and 615824?
176
What is the greatest common divisor of 2752 and 458896?
688
What is the highest common divisor of 280 and 45290?
70
What is the greatest common divisor of 29319 and 11571?
87
Calculate the highest common divisor of 1323 and 450261.
441
Calculate the highest common factor of 490 and 8410.
10
What is the highest common divisor of 258 and 3874730?
86
What is the greatest common divisor of 24 and 87081?
3
Calculate the greatest common factor of 156 and 346.
2
Calculate the highest common divisor of 55451 and 4686.
781
Calculate the highest common factor of 60 and 245760.
60
Calculate the greatest common divisor of 5240 and 2360.
40
Calculate the greatest common factor of 32800 and 11644.
164
Calculate the greatest common divisor of 546 and 31528.
14
Calculate the highest common divisor of 1046067 and 66.
33
What is the highest common divisor of 579074 and 2224?
278
Calculate the greatest common divisor of 5694 and 3723.
219
Calculate the highest common divisor of 5603 and 3017.
431
Calculate the greatest common factor of 17 and 3098845.
17
What is the greatest common factor of 50 and 43266?
2
Calculate the highest common divisor of 8785064 and 8.
8
What is the greatest common divisor of 6225 and 28995?
15
Calculate the greatest common divisor of 2517563 and 5469.
1823
Calculate the greatest common divisor of 4043 and 91.
13
Calculate the greatest common divisor of 13530 and 690.
30
Calculate the greatest common factor of 1395 and 19809.
279
Calculate the greatest common factor of 113624 and 24.
8
Calculate the greatest common factor of 204 and 255714.
102
What is the greatest common divisor of 57181 and 3587?
211
What is the highest common divisor of 25760 and 1010?
10
Calculate the highest common divisor of 2117820 and 282.
282
Calculate the greatest common divisor of 253 and 970715.
23
What is the greatest common factor of 58 and 51736?
58
Calculate the highest common factor of 711 and 1865348.
79
What is the greatest common divisor of 2460 and 4551?
123
Calculate the highest common divisor of 608 and 138464.
32
Calculate the highest common divisor of 20736 and 18176.
256
Calculate the highest common divisor of 43069 and 26.
13
Calculate the highest common factor of 717959 and 55.
11
Calculate the greatest common factor of 72186 and 530.
106
Calculate the highest common divisor of 31996 and 190.
38
Calculate the highest common divisor of 21409 and 271.
271
Calculate the highest common factor of 171 and 64391.
19
Calculate the highest common divisor of 2129595 and 75.
15
Calculate the greatest common factor of 25380 and 2444.
188
Calculate the greatest common factor of 768 and 15216.
48
What is the highest common divisor of 3072 and 840?
24
Calculate the greatest common factor of 61744 and 39271.
227
Calculate the greatest common divisor of 10015 and 65.
5
Calculate the highest common divisor of 1732 and 175365.
433
What is the greatest common divisor of 43462 and 310?
62
Calculate the greatest common factor of 12256 and 32.
32
Calculate the greatest common divisor of 42 and 497175.
21
What is the greatest common divisor of 162 and 220266?
54
What is the greatest common divisor of 808 and 5032?
8
What is the highest common divisor of 84672 and 392?
392
What is the greatest common factor of 6123294 and 9?
9
What is the highest common factor of 1861502 and 436?
218
What is the greatest common factor of 1288720 and 60?
20
Calculate the greatest common factor of 7944 and 120.
24
What is the highest common divisor of 6642 and 432?
54
What is the highest common factor of 2499 and 21777?
357
Calculate the highest common divisor of 42 and 567.
21
What is the greatest common factor of 110 and 75010?
10
What is the highest common divisor of 33702 and 8364?
246
What is the greatest common divisor of 121 and 784883?
11
What is the greatest common factor of 14928 and 816?
48
What is the greatest common factor of 690833 and 572?
143
What is the greatest common factor of 28 and 63098?
14
Calculate the greatest common divisor of 6 and 242367.
3
Calculate the highest common factor of 933939 and 369.
369
What is the greatest common divisor of 783 and 675?
27
What is the highest common divisor of 34 and 17202266?
34
Calculate the highest common divisor of 192 and 59754.
6
Calculate the greatest common divisor of 321177 and 1418.
709
What is the greatest common factor of 2159 and 8279?
17
Calculate the greatest common factor of 19317 and 15933.
141
What is the highest common divisor of 2277 and 39501?
99
What is the highest common factor of 91 and 155506?
13
What is the highest common divisor of 16740 and 8?
4
What is the greatest common factor of 224436 and 29028?
708
Calculate the greatest common factor of 1067 and 858.
11
Calculate the highest common divisor of 391559 and 2751.
917
Calculate the greatest common factor of 720 and 284720.
80
Calculate the highest common factor of 14960442 and 714.
714
Calculate the highest common divisor of 154 and 422.
2
What is the greatest common factor of 6526 and 4680?
26
What is the greatest common factor of 2241 and 643333?
83
Calculate the greatest common divisor of 201152 and 1120.
224
Calculate the greatest common divisor of 137552 and 2448.
16
Calculate the greatest common factor of 868564 and 136.
68
What is the highest common factor of 17507 and 55937?
427
What is the highest common divisor of 1392 and 15792?
48
Calculate the highest common factor of 63 and 56343.
21
What is the highest common factor of 404641 and 167?
167
What is the greatest common factor of 99180 and 57?
57
Calculate the highest common divisor of 418 and 222585.
209
What is the highest common factor of 15234696 and 251?
251
Calculate the greatest common factor of 272704 and 496.
16
What is the greatest common divisor of 1392 and 30144?
48
Calculate the highest common factor of 63 and 234717.
21
What is the highest common factor of 1227 and 11?
1
What is the greatest common factor of 7275 and 135?
15
What is the greatest common divisor of 48 and 458576?
16
Calculate the greatest common divisor of 480 and 23680.
160
Calculate the greatest common divisor of 12103 and 196.
49
Calculate the greatest common divisor of 480 and 390800.
80
Calculate the greatest common factor of 93 and 10943.
31
Calculate the highest common factor of 392 and 695212.
196
Calculate the highest common factor of 26 and 1213966.
26
What is the greatest common divisor of 48204 and 16692?
156
Calculate the greatest common factor of 1308 and 228246.
654
What is the greatest common factor of 144 and 11408?
16
What is the highest common divisor of 1593 and 243?
27
What is the highest common factor of 206226 and 8576?
134
What is the greatest common divisor of 25797 and 3?
3
Calculate the highest common divisor of 9905 and 35658.
1981
What is the highest common divisor of 3890471 and 556?
139
Calculate the highest common factor of 40 and 2140.
20
Calculate the highest common divisor of 39673 and 194.
97
Calculate the highest common factor of 293409 and 27.
27
What is the greatest common factor of 13 and 1937?
13
What is the greatest common factor of 1618 and 4845101?
809
What is the greatest common factor of 1564 and 20700?
92
Calculate the highest common factor of 134516 and 8.
4
Calculate the greatest common factor of 25 and 490385.
5
What is the greatest common divisor of 2590887 and 403?
403
What is the highest common factor of 1475787 and 1938?
969
What is the highest common divisor of 653439 and 2085?
417
What is the highest common divisor of 8463 and 12558?
273
Calculate the greatest common divisor of 4764 and 9.
3
Calculate the greatest common factor of 5415 and 3316146.
1083
Calculate the highest common divisor of 89760 and 135.
15
Calculate the highest common divisor of 24 and 11994.
6
What is the highest common factor of 5735 and 1961?
37
Calculate the greatest common divisor of 339925 and 50.
25
Calculate the greatest common factor of 291 and 51119.
97
Calculate the greatest common divisor of 1005 and 1120575.
1005
What is the highest common divisor of 799 and 1989?
17
What is the highest common divisor of 2898 and 4578?
42
Calculate the highest common divisor of 13578 and 269370.
438
What is the greatest 